at are the prime factors of 3059?
7, 19, 23
List the prime factors of 13060.
2, 5, 653
List the prime factors of 80524.
2, 41, 491
List the prime factors of 2277.
3, 11, 23
List the prime factors of 144.
2, 3
What are the prime factors of 7037?
31, 227
List the prime factors of 1667.
1667
What are the prime factors of 122166?
2, 3, 11, 617
What are the prime factors of 3464?
2, 433
List the prime factors of 979.
11, 89
List the prime factors of 722.
2, 19
List the prime factors of 1683.
3, 11, 17
List the prime factors of 22276.
2, 5569
What are the prime factors of 1959?
3, 653
List the prime factors of 99545.
5, 43, 463
What are the prime factors of 247?
13, 19
List the prime factors of 5989.
53, 113
What are the prime factors of 826?
2, 7, 59
What are the prime factors of 35990?
2, 5, 59, 61
What are the prime factors of 6645?
3, 5, 443
List the prime factors of 616.
2, 7, 11
What are the prime factors of 12888?
2, 3, 179
List the prime factors of 3001.
3001
What are the prime factors of 8919?
3, 991
What are the prime factors of 11353?
11353
List the prime factors of 63.
3, 7
What are the prime factors of 64515?
3, 5, 11, 17, 23
List the prime factors of 5031.
3, 13, 43
What are the prime factors of 658?
2, 7, 47
What are the prime factors of 28916?
2, 7229
What are the prime factors of 1519?
7, 31
List the prime factors of 882.
2, 3, 7
What are the prime factors of 96260?
2, 5, 4813
What are the prime factors of 1581?
3, 17, 31
What are the prime factors of 586?
2, 293
What are the prime factors of 121?
11
List the prime factors of 43801.
43801
List the prime factors of 6247.
6247
What are the prime factors of 52055?
5, 29, 359
List the prime factors of 1979.
1979
List the prime factors of 12780.
2, 3, 5, 71
List the prime factors of 1083.
3, 19
What are the prime factors of 1145?
5, 229
List the prime factors of 41672.
2, 5209
List the prime factors of 4668.
2, 3, 389
What are the prime factors of 1454?
2, 727
What are the prime factors of 2261?
7, 17, 19
What are the prime factors of 9385?
5, 1877
List the prime factors of 437.
19, 23
What are the prime factors of 79276?
2, 19819
List the prime factors of 2244.
2, 3, 11, 17
List the prime factors of 1023.
3, 11, 31
What are the prime factors of 561?
3, 11, 17
List the prime factors of 73794.
2, 3, 7, 251
What are the prime factors of 2735?
5, 547
What are the prime factors of 10504?
2, 13, 101
List the prime factors of 3395.
5, 7, 97
What are the prime factors of 3009?
3, 17, 59
List the prime factors of 2255.
5, 11, 41
List the prime factors of 20158.
2, 10079
What are the prime factors of 11938?
2, 47, 127
What are the prime factors of 64502?
2, 32251
What are the prime factors of 11530?
2, 5, 1153
What are the prime factors of 624?
2, 3, 13
List the prime factors of 2142.
2, 3, 7, 17
List the prime factors of 5000.
2, 5
List the prime factors of 1403.
23, 61
What are the prime factors of 42?
2, 3, 7
What are the prime factors of 869?
11, 79
What are the prime factors of 4545?
3, 5, 101
What are the prime factors of 10233?
3, 379
List the prime factors of 4200.
2, 3, 5, 7
What are the prime factors of 25134?
2, 3, 59, 71
What are the prime factors of 19193?
17, 1129
What are the prime factors of 23291?
23291
What are the prime factors of 14521?
13, 1117
What are the prime factors of 1759?
1759
What are the prime factors of 33223?
33223
List the prime factors of 1177.
11, 107
List the prime factors of 626.
2, 313
List the prime factors of 6766.
2, 17, 199
List the prime factors of 31.
31
List the prime factors of 122.
2, 61
List the prime factors of 3619.
7, 11, 47
What are the prime factors of 794?
2, 397
What are the prime factors of 25338?
2, 3, 41, 103
What are the prime factors of 3749?
23, 163
What are the prime factors of 109472?
2, 11, 311
What are the prime factors of 9124?
2, 2281
What are the prime factors of 714?
2, 3, 7, 17
List the prime factors of 2532.
2, 3, 211
What are the prime factors of 4960?
2, 5, 31
What are the prime factors of 4889?
4889
What are the prime factors of 592?
2, 37
List the prime factors of 19370.
2, 5, 13, 149
What are the prime factors of 2426?
2, 1213
What are the prime factors of 811?
811
List the prime factors of 5941.
13, 457
List the prime factors of 31278.
2, 3, 13, 401
List the prime factors of 1903.
11, 173
What are the prime factors of 25747?
25747
List the prime factors of 6048.
2, 3, 7
What are the prime factors of 102888?
2, 3, 1429
List the prime factors of 29285.
5, 5857
List the prime factors of 3231.
3, 359
List the prime factors of 98814.
2, 3, 43, 383
What are the prime factors of 1572?
2, 3, 131
List the prime factors of 69954.
2, 3, 89, 131
List the prime factors of 211100.
2, 5, 2111
List the prime factors of 928.
2, 29
List the prime factors of 1451.
1451
What are the prime factors of 7002?
2, 3, 389
List the prime factors of 602.
2, 7, 43
List the prime factors of 2092.
2, 523
What are the prime factors of 1812?
2, 3, 151
What are the prime factors of 1704?
2, 3, 71
List the prime factors of 27403.
67, 409
List the prime factors of 1688.
2, 211
What are the prime factors of 1167?
3, 389
What are the prime factors of 78185?
5, 19, 823
What are the prime factors of 18159?
3, 6053
List the prime factors of 6699.
3, 7, 11, 29
List the prime factors of 10647.
3, 7, 13
What are the prime factors of 1385?
5, 277
List the prime factors of 1423.
1423
List the prime factors of 1699.
1699
What are the prime factors of 1023?
3, 11, 31
List the prime factors of 16361.
16361
List the prime factors of 149.
149
What are the prime factors of 54760?
2, 5, 37
List the prime factors of 43894.
2, 17, 1291
What are the prime factors of 11525?
5, 461
What are the prime factors of 40512?
2, 3, 211
What are the prime factors of 38931?
3, 19, 683
List the prime factors of 21115.
5, 41, 103
What are the prime factors of 1640?
2, 5, 41
List the prime factors of 7361.
17, 433
List the prime factors of 905.
5, 181
What are the prime factors of 34149?
3, 11383
What are the prime factors of 10047?
3, 17, 197
What are the prime factors of 5832?
2, 3
List the prime factors of 2358.
2, 3, 131
What are the prime factors of 87341?
167, 523
List the prime factors of 24431.
11, 2221
What are the prime factors of 27394?
2, 13697
List the prime factors of 68545.
5, 13709
List the prime factors of 111039.
3, 37013
List the prime factors of 199.
199
What are the prime factors of 8066?
2, 37, 109
List the prime factors of 143506.
2, 11, 593
What are the prime factors of 2856?
2, 3, 7, 17
What are the prime factors of 868?
2, 7, 31
List the prime factors of 6.
2, 3
What are the prime factors of 1001?
7, 11, 13
List the prime factors of 69813.
3, 7757
What are the prime factors of 1484?
2, 7, 53
List the prime factors of 3126.
2, 3, 521
List the prime factors of 4760.
2, 5, 7, 17
List the prime factors of 50364.
2, 3, 1399
What are the prime factors of 4445?
5, 7, 127
List the prime factors of 127711.
127711
List the prime factors of 1373.
1373
What are the prime factors of 167527?
233, 719
What are the prime factors of 63996?
2, 3, 5333
What are the prime factors of 625?
5
List the prime factors of 2979.
3, 331
List the prime factors of 4793.
4793
List the prime factors of 3807.
3, 47
What are the prime factors of 81881?
37, 2213
List the prime factors of 78015.
3, 5, 7, 743
List the prime factors of 3939.
3, 13, 101
List the prime factors of 51770.
2, 5, 31, 167
What are the prime factors of 709?
709
What are the prime factors of 1931?
1931
List the prime factors of 60123.
3, 7, 409
List the prime factors of 2156.
2, 7, 11
What are the prime factors of 1475?
5, 59
What are the prime factors of 6924?
2, 3, 577
List the prime factors of 1538.
2, 769
What are the prime factors of 3856?
2, 241
List the prime factors of 6351.
3, 29, 73
What are the prime factors of 197?
197
List the prime factors of 5783.
5783
List the prime factors of 41158.
2, 13, 1583
What are the prime factors of 5701?
5701
List the prime factors of 43.
43
List the prime factors of 3269.
7, 467
What are the prime factors of 932?
2, 233
List the prime factors of 1584.
2, 3, 11
List the prime factors of 11111.
41, 271
List the prime factors of 16479.
3, 1831
What are the prime factors of 2844?
2, 3